
Let y(j) = 6*j**3 + j**2 - j. Let c be y(1). Let x(n) = -10*n + 14. Let k be x(3). Let q = c - k. Calculate the greatest common factor of 22 and q.
22
Let f(v) = -v**2 + 16*v + 10. Suppose -5*z - 23 = -98. Let y be f(z). Calculate the greatest common factor of y and 275.
25
Let k(h) = 18*h**3 - 2*h**2 - 6*h - 8. Let i be k(-2). Let l = 208 + i. Calculate the greatest common factor of 6 and l.
6
Suppose 3*k + 45 = -192. Let j be 12/66 - k/(-11). Let q be (-1 + 16)*(-7)/j. What is the highest common factor of q and 10?
5
Let r(x) = -55*x - 241. Let t be r(-7). What is the greatest common factor of t and 198?
18
Let o(j) = -17*j**2 + 259*j - 18. Let w be o(15). Calculate the greatest common divisor of 1806 and w.
42
Let s be (20/4 + -3 + 9)/1. Let w(g) = 2*g - 20. Let l be w(s). Calculate the highest common factor of 2 and l.
2
Let b = 1456 - 1365. What is the greatest common factor of 247 and b?
13
Let p(c) = c + 4. Let u be p(-2). Let b be 0/(0/1 + 2). Suppose -y - 30 = -5*o, -o + b*o - 2*y = -6. What is the greatest common divisor of o and u?
2
Let y be 196/(-42)*27/(-2). Let j be ((-1)/3)/((-1)/y). Let q = 111 + 36. What is the greatest common divisor of j and q?
21
Suppose 0 = -17*s - 131 + 1797. Calculate the highest common divisor of s and 14.
14
Let n = -85 + -36. Let z = -92 - n. Calculate the greatest common factor of 87 and z.
29
Suppose 0 = 2*o + 3*o - 2*a - 47, -2*a + 8 = 0. Suppose 0 = 3*j + 4*j - 630. Let x be (-4 - -4) + (j - 2). Calculate the highest common divisor of o and x.
11
Suppose 5*l - 325 = -55. Calculate the highest common factor of 18 and l.
18
Let c be (0 + -4)/(168/(-16) - -10). Let a = 14 - 10. Calculate the greatest common factor of a and c.
4
Let b = 20 + -9. Suppose 0 = 4*j - 3*j. Suppose -8*f + 1 + 7 = j. Calculate the highest common divisor of f and b.
1
Let d = -1156 - -2381. What is the greatest common factor of 98 and d?
49
Let u be (4/(-2))/(-2 + (-40)/(-22)). Let p = u - -9. What is the greatest common factor of p and 10?
10
Suppose -3*j = 3*j - 24. Let s be (140/(-8))/(2/j). Let f be (182/s)/(4/(-10)). What is the greatest common divisor of f and 13?
13
Let t be (-189)/(-12) - 12/16. Calculate the greatest common factor of t and 15.
15
Let c(m) = 3*m**2 + 8*m - 1. Let t = -58 + 51. Let d be c(t). What is the greatest common factor of d and 9?
9
Let n = 35 + 26. Suppose -v + 5*y + 24 = 0, 3*v + 2*y - 184 + n = 0. What is the highest common factor of 156 and v?
39
Let o be ((-38)/(-2))/(48/2448). Calculate the highest common factor of o and 51.
51
Let o(v) = v + 10. Let c be o(9). What is the greatest common divisor of 19 and c?
19
Suppose 211*c = 216*c + 2*f - 14, 4*c - 1 = -5*f. Let q = 0 - -1. What is the highest common factor of q and c?
1
Let u be (-8 - (-150)/20)/((-2)/312). Calculate the greatest common divisor of u and 195.
39
Suppose 772 = 5*p - 2*s, 8*p - 11*p + 459 = 3*s. What is the greatest common factor of p and 14?
14
Let b be 6*1*20*(-2)/(-24). What is the highest common divisor of b and 2?
2
Let v(s) = s**3 + 8*s**2 + 9*s. Let n be v(-6). Let a(u) = u**2 - 10*u - 11*u + 4*u - 2*u + 2. Let p be a(19). What is the greatest common factor of p and n?
2
Suppose -1092 = -9*o - 17*o. What is the highest common factor of 1050 and o?
42
Let v(i) = -i - 6. Let y be v(-8). Suppose y*a + 2*a = -700. Let o be (4/(-5))/(7/a). What is the greatest common divisor of 5 and o?
5
Suppose 14*c - 32 = -2*c. Suppose -8 = c*t, 5*n - 100 = -t - 4*t. Let i(z) = -z**2 + 4*z - 1. Let d be i(2). What is the highest common divisor of d and n?
3
Suppose -4*l + 342 = -134. What is the greatest common factor of l and 34?
17
Let w = -734 - -809. Calculate the greatest common factor of 375 and w.
75
Let q(v) = -21*v - 174. Let n be q(-11). What is the highest common factor of 285 and n?
57
Suppose 9*b = -2*b + 132. Calculate the highest common factor of 8 and b.
4
Let o = -259 + 299. Calculate the highest common divisor of o and 30.
10
Let h(k) = -2*k**3 - k**2 - k + 272. Let p be h(0). Calculate the highest common divisor of p and 187.
17
Let a be 18/((-18)/(-48) - (-45)/40). Suppose -3*y = -4*y + 5*j + 98, 536 = 5*y - 2*j. Calculate the highest common factor of a and y.
12
Suppose -4*f + 26 = -3*m, -5*f + 4*m + 6 = -26. Suppose 2*n - 14 - f = -3*l, 3*n = l. Calculate the greatest common divisor of 4 and l.
2
Let v be 576/480*181*5. Calculate the greatest common factor of 6 and v.
6
Suppose 0 = -20*u + 39*u - 3971. Calculate the highest common factor of u and 19.
19
Suppose 2*g - 40 - 231 = -t, -g = -3*t - 132. Suppose -3*x + 2*u + u = -66, -20 = -4*u. What is the greatest common factor of g and x?
27
Suppose 0 = -7*m - 15 - 41. Let x = 63 + m. Calculate the greatest common factor of x and 11.
11
Suppose 6*k - 10*k + 208 = 0. Suppose -2*o = -7 + 1. Suppose -74 = -o*f + k. Calculate the greatest common factor of f and 14.
14
Let z(n) = -17*n - 52. Let h be z(-15). What is the greatest common divisor of h and 21?
7
Let v be (-3)/(-9) - (-34558)/222. What is the greatest common divisor of 858 and v?
78
Suppose 0 + 15 = 5*r. Suppose r*p - 4*t = -6, 4*t - 7 = 2*p + 1. Calculate the greatest common divisor of 1 and p.
1
Let f be ((-45)/(-36))/((0 - -2)/8). Let j(x) = -x**2 + 9*x - 14. Let k be j(f). Let m(p) = 6*p. Let l be m(8). What is the greatest common factor of l and k?
6
Suppose 8*p - 60 = -2*p. Let t(i) = i**2 - 2*i + 6. Let n(v) = -v**2 - 2*v - 3. Let z be n(-3). Let f be t(z). Calculate the greatest common factor of p and f.
6
Let f = 190 + -157. Calculate the highest common divisor of f and 220.
11
Suppose 2*g - 2*w - 1401 = 431, 2*w = g - 912. Calculate the greatest common factor of g and 40.
40
Let l = -95 - -42. Let z = -48 - l. What is the highest common divisor of z and 5?
5
Let x(d) = 2*d**2 - 2*d - 14. Let a be x(5). Calculate the greatest common factor of a and 585.
13
Let j be (-32)/96 - 246/(-9). What is the greatest common factor of 9 and j?
9
Let t(z) be the first derivative of z**2 - 32*z + 12. Let v be t(19). Calculate the highest common factor of v and 2.
2
Let d(x) = x**2 + 22*x + 16. Let f be d(-29). What is the highest common divisor of 146 and f?
73
Let q be (-1 + -39)/((-2)/(-32)*-4). Let a = 9 + 5. Suppose -4*p = 2*y - 84, -a = -p - 3*y + 6*y. What is the greatest common factor of q and p?
20
Let o be (1 + -2)/(1/(-5)). Suppose -o*t + 1 = -3*a - 1, -t = a + 6. Let x be ((-2)/6)/(t/36). What is the highest common factor of 9 and x?
3
Suppose 19*s - 42245 = -14277. Calculate the highest common factor of s and 64.
64
Let m(a) = 3*a**2 - 15*a + 9. Let c be m(6). Let g be (-1915)/10 - 2/(-4). Let n be 2*1 - (4 + g). Calculate the greatest common divisor of c and n.
27
Let y = 753 - 348. Calculate the greatest common divisor of y and 15.
15
Let o(d) = -d**3 + 12*d**2 + 13*d + 13. Let x be o(13). Suppose 0 = 5*f + 4*p - 203, -107 = -3*f + 7*p - 2*p. Calculate the highest common factor of x and f.
13
Suppose g + 17 = 3*t, 5*t - 70 = -4*g - 19. What is the greatest common factor of t and 35?
7
Let t = -9 - -4. Let h be t*(-5)/((-25)/(-2)). Let z be (72 - -3) + -3 - h. Calculate the highest common divisor of z and 7.
7
Let m = -52 + 23. Let g = m + 46. Calculate the highest common factor of g and 17.
17
Suppose -2*x = 3*q - 34, 4*x - 36 = -4*q + 36. Calculate the highest common divisor of 36 and x.
4
Let z(r) = r**3 - 6*r**2 + 7*r - 6. Let o be z(5). Suppose 0 = -o*g - 0*g + 100. Let h be 3*4/12 + g. What is the greatest common factor of h and 286?
26
Let i(g) = -g**3 + 10*g**2 + 2*g - 4. Let k be i(6). Let q = 21 - 7. Let m be (-4)/q + 135/7. What is the greatest common divisor of k and m?
19
Let x be (-6)/4*8/(-3). Suppose 0 = 23*f - 19*f - 8. Suppose 5*a - 3*c - 223 = 0, -f*a + 3*c - 4*c = -87. Calculate the greatest common factor of a and x.
4
Let j be ((-2)/(-6))/(52/2496). What is the greatest common factor of j and 1712?
16
Let p be 6 - 5 - (2 + 25). Let w be (-3)/6*(2 + p). Let b = 16 - w. What is the greatest common divisor of b and 12?
4
Let m = 4 - 1. Suppose -3*x + 250 - 7 = 0. Let f be (x/(-6))/(2/(-4)). What is the highest common factor of m and f?
3
Let f be ((-2)/4)/(1/(-10)). Let v(s) = s**3 - 6*s**2 - s + 11. Let b be v(6). What is the highest common divisor of b and f?
5
Let k be ((